{"id":67,"date":"2022-06-10T09:57:36","date_gmt":"2022-06-10T07:57:36","guid":{"rendered":"http:\/\/biblioteka.liceumbatorego.pl\/?page_id=67"},"modified":"2022-06-10T09:57:36","modified_gmt":"2022-06-10T07:57:36","slug":"informacje","status":"publish","type":"page","link":"https:\/\/biblioteka.liceumbatorego.pl\/index.php\/informacje\/","title":{"rendered":"Informacje"},"content":{"rendered":"\n<p class=\"has-accent-background-color has-background\">telefon <strong>+48 22 628 21 01 wew. 106<\/strong><br>email <strong>biblioteka@batory.edu.pl<\/strong><\/p>\n\n\n\n<p class=\"has-subtle-background-background-color has-background\"><strong>godziny otwarcia<\/strong><br>poniedzia\u0142ek 9:00 &#8211; 14:00<br>wtorek 9:00 &#8211; 14:00<br>\u015broda 9:00 &#8211; 14:00<br>czwartek 9:00 &#8211; 14:00<br>pi\u0105tek 9:00 &#8211; 14:00<\/p>\n","protected":false},"excerpt":{"rendered":"<p>telefon +48 22 628 21 01 wew. 106email biblioteka@batory.edu.pl godziny otwarciaponiedzia\u0142ek 9:00 &#8211; 14:00wtorek 9:00 &#8211; 14:00\u015broda 9:00 &#8211; 14:00czwartek 9:00 &#8211; 14:00pi\u0105tek 9:00 &#8211; 14:00<\/p>\n","protected":false},"author":3,"featured_media":0,"parent":0,"menu_order":0,"comment_status":"closed","ping_status":"closed","template":"","meta":{"footnotes":""},"class_list":["post-67","page","type-page","status-publish","hentry"],"_links":{"self":[{"href":"https:\/\/biblioteka.liceumbatorego.pl\/index.php\/wp-json\/wp\/v2\/pages\/67","targetHints":{"allow":["GET"]}}],"collection":[{"href":"https:\/\/biblioteka.liceumbatorego.pl\/index.php\/wp-json\/wp\/v2\/pages"}],"about":[{"href":"https:\/\/biblioteka.liceumbatorego.pl\/index.php\/wp-json\/wp\/v2\/types\/page"}],"author":[{"embeddable":true,"href":"https:\/\/biblioteka.liceumbatorego.pl\/index.php\/wp-json\/wp\/v2\/users\/3"}],"replies":[{"embeddable":true,"href":"https:\/\/biblioteka.liceumbatorego.pl\/index.php\/wp-json\/wp\/v2\/comments?post=67"}],"version-history":[{"count":1,"href":"https:\/\/biblioteka.liceumbatorego.pl\/index.php\/wp-json\/wp\/v2\/pages\/67\/revisions"}],"predecessor-version":[{"id":72,"href":"https:\/\/biblioteka.liceumbatorego.pl\/index.php\/wp-json\/wp\/v2\/pages\/67\/revisions\/72"}],"wp:attachment":[{"href":"https:\/\/biblioteka.liceumbatorego.pl\/index.php\/wp-json\/wp\/v2\/media?parent=67"}],"curies":[{"name":"wp","href":"https:\/\/api.w.org\/{rel}","templated":true}]}}